t s(f) = 85*f + 3549. What is s(-49)?
-616
Let z(t) = 2*t**2 + 165*t + 2905. What is z(-51)?
-308
Let b(z) = 4672*z - 36697. Determine b(8).
679
Let n(l) = 3*l**2 + 248*l + 3653. Calculate n(-19).
24
Let w(h) = 626*h - 4923. Calculate w(8).
85
Let m(h) = -h**3 - 305*h**2 - 3234*h - 18. Determine m(-294).
-18
Let p(k) = -6250*k + 87601. Calculate p(14).
101
Let x(n) = -307*n - 26836. Give x(-84).
-1048
Let z(h) = 3480*h - 142815. Give z(41).
-135
Let h(p) = 476*p**3 + 1428*p**2 + 696*p + 2083. Give h(-3).
-5
Let m(z) = -7*z**2 + 121*z - 976. Determine m(11).
-492
Let i(o) = 23238*o - 92879. Determine i(4).
73
Let m(c) = -c**2 - 1578*c + 2257251. Give m(908).
-37
Let s(k) = -2*k**3 - 36*k**2 + 130*k + 22. Give s(-22).
1034
Let x(s) = -s**2 - 346*s + 9281. Calculate x(-371).
6
Let a(h) = -291*h - 1452. Give a(6).
-3198
Let a(k) = 48246*k + 578974. Determine a(-12).
22
Let c(d) = 64*d**2 + 2253*d - 217. Determine c(-35).
-672
Let p(w) = -152*w**2 - 9250*w - 26388. Determine p(-3).
-6
Let x(n) = 3*n**2 + 18315*n + 601136. What is x(-33)?
8
Let g(a) = -17*a**2 + 21*a - 50. Give g(8).
-970
Let m(h) = -713*h + 4223. Determine m(8).
-1481
Let k(p) = 3307*p + 29786. Calculate k(-9).
23
Let g(u) = 2*u**2 + 980*u - 9998. What is g(10)?
2
Let s(q) = 989728*q + 4948642. Give s(-5).
2
Let r(j) = 47*j - 2424. Determine r(50).
-74
Let m(j) = -242*j - 8275. Determine m(-33).
-289
Let q(x) = -141*x + 2152. Determine q(13).
319
Let d(p) = -p**3 + 4*p**2 + 410*p - 3334. Give d(9).
-49
Let o(k) = 15834*k - 126765. What is o(8)?
-93
Let a(j) = 3527*j + 465527. Determine a(-132).
-37
Let j(d) = 10*d**3 - 1472*d**2 - 986*d - 29300. Give j(148).
4
Let t(p) = 250*p - 13514. Give t(55).
236
Let o(t) = 8*t**3 - 566*t**2 - 724*t + 256. Calculate o(72).
-32
Let v(u) = -3*u**3 - 20*u**2 + 57*u + 397. Determine v(-6).
-17
Let k(b) = 133*b + 21707. Give k(-162).
161
Let t(u) = -2338*u - 144947. What is t(-62)?
9
Let g(t) = -2*t**2 + 5877*t + 10471252. Determine g(-1250).
2
Let m(r) = -2*r**2 + 11031*r - 110138. Calculate m(10).
-28
Let y(r) = -5*r**2 + 73*r + 737. What is y(-14)?
-1265
Let r(s) = 780*s**2 - 23418*s + 73. Give r(30).
-467
Let k(p) = -p**3 + 113*p**2 + 1633*p + 274. Calculate k(126).
-356
Let h(z) = -658*z + 47566. Calculate h(72).
190
Let n(c) = 225*c + 2329. Determine n(-10).
79
Let a(j) = 456333*j - 4. Give a(0).
-4
Let y(i) = 1913*i + 149214. Determine y(-78).
0
Let h(a) = -94431*a - 566609. Calculate h(-6).
-23
Let h(a) = -2*a**3 - 43*a**2 + 1257*a + 320. Give h(-38).
206
Let k(f) = -2836*f + 50957. Determine k(18).
-91
Let l(k) = -3*k**2 - 1364*k + 28446. Calculate l(21).
-1521
Let x(a) = 106*a - 543. Calculate x(3).
-225
Let z(x) = 19203*x + 96022. Determine z(-5).
7
Let l(t) = -1128*t + 72194. Give l(64).
2
Let w(q) = -59578*q + 4706662. Determine w(79).
0
Let g(r) = 6802*r + 68071. Calculate g(-10).
51
Let x(z) = 34493*z - 34497. What is x(1)?
-4
Let u(f) = 995*f + 51445. Determine u(-47).
4680
Let l(g) = -g**3 + 1139*g**2 - 78815*g + 367. Determine l(74).
-3
Let m(j) = 12*j**3 - 3299*j**2 + 2987*j - 897058. Calculate m(275).
-8
Let u(g) = -5907*g + 673427. Calculate u(114).
29
Let t(b) = 13*b**3 + 150*b**2 + 56*b - 32. Determine t(-11).
199
Let m(c) = 1771*c - 44087. Determine m(24).
-1583
Let q(c) = 157*c**2 - 176*c + 78. What is q(1)?
59
Let j(g) = -1023*g - 225060. Give j(-220).
0
Let c(a) = -a**3 + 15*a**2 + 52*a - 171. Give c(17).
135
Let g(z) = 6275*z + 6280. Calculate g(-1).
5
Let m(g) = -2*g**2 + 13*g + 443. What is m(19)?
-32
Let w(f) = -f**2 - 2706*f + 422365. Calculate w(148).
-27
Let o(d) = 10*d**2 - 132151*d + 660514. What is o(5)?
9
Let w(u) = 19*u**3 - 12310*u**2 + 71909*u - 3213. Calculate w(642).
-3
Let x(g) = -366*g**2 + 11322*g + 796. Give x(31).
52
Let g(h) = h**3 + 20*h**2 + 528*h + 9122. Calculate g(-18).
266
Let m(l) = l**3 + 137*l**2 - 2309*l - 53. What is m(16)?
2171
Let d(j) = 416*j**3 - 3*j**2 - 104*j - 103. Determine d(-1).
-418
Let u(s) = -16*s**2 + 714*s - 105. Calculate u(40).
2855
Let n(h) = 91523*h - 1098277. Calculate n(12).
-1
Let j(g) = 3779*g**2 - 22661*g - 4. Give j(6).
74
Let m(a) = -a**3 + 22*a**2 + 14845*a - 369224. Give m(25).
26
Let y(j) = j**2 - 161*j + 3542. Calculate y(134).
-76
Let a(r) = -2*r**3 + 99*r**2 + 120*r - 3123. Calculate a(50).
377
Let j(t) = 30*t**3 + 301*t**2 + 11*t + 66. What is j(-10)?
56
Let l(r) = 325*r - 8137. What is l(30)?
1613
Let r(y) = 3*y**3 - 109*y**2 + 755*y - 8037. Give r(31).
-8
Let s(b) = 2489260*b - 7467783. Give s(3).
-3
Let c(k) = -8*k**2 - 77*k - 82. What is c(-1)?
-13
Let h(d) = 1000*d + 4357. Calculate h(-4).
357
Let v(l) = 16*l**3 + 119*l**2 - 412*l - 19. Give v(-10).
1
Let f(n) = n**3 - 9*n**2 - 284*n + 62. Determine f(23).
936
Let f(t) = -3*t**2 + 152*t + 3525. What is f(79)?
-3190
Let s(o) = 143905*o + 863426. Calculate s(-6).
-4
Let l(f) = -f**3 + 138*f**2 + 826*f - 15924. What is l(143)?
-51
Let d(i) = 1222*i - 492482. Give d(403).
-16
Let x(k) = -12*k**2 + 136*k - 87. Give x(11).
-43
Let r(n) = -3*n**2 - 234685*n + 12. Determine r(0).
12
Let m(y) = 2*y**2 + 583*y + 35330. What is m(-86)?
-16
Let d(z) = -54*z**3 + 1079*z**2 - 79*z + 1549. What is d(20)?
-431
Let u(w) = -12931*w + 78187. What is u(6)?
601
Let t(y) = -2*y**3 - 44*y**2 - 210*y + 12. Calculate t(-7).
12
Let m(j) = 5372*j + 134328. What is m(-25)?
28
Let k(o) = 129*o**3 - 78064*o**2 + 11497*o - 1203. Give k(605).
7
Let z(b) = -11*b**2 + 19*b + 1. Calculate z(-2).
-81
Let y(p) = -11*p**3 - 133*p**2 - p + 284. What is y(-12)?
152
Let r(a) = -17*a**2 - 23165*a + 186446. Calculate r(8).
38
Let o(x) = 116*x**2 - 30770*x - 30771. Calculate o(-1).
115
Let v(s) = 6*s**2 + 753*s - 267. Calculate v(-126).
111
Let j(d) = 418*d**2 - 62277*d - 266. Determine j(149).
479
Let c(w) = 495*w**2 + 1372*w - 2741. Calculate c(2).
1983
Let y(z) = z**2 - 9854*z - 276718. What is y(-28)?
-22
Let o(t) = t**3 + 164*t**2 + 252*t - 6952. Determine o(-162).
4712
Let l(s) = -684*s**2 - 6857*s - 35. Calculate l(-10).
135
Let z(w) = -w**2 + 89*w - 2069. What is z(50)?
-119
Let o(i) = -1322*i - 56. Calculate o(0).
-56
Let k(h) = -h**2 + 8631*h + 373118. Determine k(-43).
136
Let s(w) = w**3 + 73*w**2 + 7462*w + 179393. Give s(-29).
-1
Let t(x) = -17*x**3 - 609*x**2 + 89*x - 698. Calculate t(-36).
-14
Let a(m) = m**3 + m**2 + 69*m + 20. Calculate a(0).
20
Let z(q) = 138*q**2 + 843*q + 4158. What is z(-5)?
3393
Let x(d) = -15*d**3 - 3*d**2 + 4*d + 47. Determine x(3).
-373
Let z(v) = 1232014*v - 4928059. Calculate z(4).
-3
Let z(c) = 869189*c - 5215133. Give z(6).
1
Let v(o) = 123*o - 15469. Calculate v(131).
644
Let q(j) = 3*j**3 + 10*j**2 + 586*j + 1155. What is q(-2)?
-1
Let c(b) = -428*b - 11987. Determine c(-28).
-3
Let l(t) = -10*t**2 + 6405*t + 22496. Give l(644).
-44
Let y(m) = 52*m**2 - 4245*m - 5881. What is y(83)?
12
Let j(r) = 78*r + 2706. Give j(-19).
1224
Let p(i) = 4*i**2 - 17805*i + 17798. Give p(1).
-3
Let l(t) = 2*t**3 + 11299*t**2 - 45221*t - 16. What is l(4)?
12
Let x(v) = -v**3 - 6*v**2 - 95*v - 997. Calculate x(-13).
1421
Let j(k) = 37*k**3 - 42*k**2 + 99*k - 58. Determine j(1).
36
Let k(y) = -y**3 + 93*y**2 - 749*y - 582. Give k(84).
6
Let t(o) = o**2 + 28*o - 2212. Determine t(31).
-383
Let a(q) = -17*q - 180. Give a(-14).
58
Let i(z) = z**3 + 36*z**2 + 36*z - 734. What is i(-39)?
-6701
Let v(u) = -6*u**2 - 5235*u + 20919. Give v(4).
-117
Let k(w) = 2668*w + 328163. Calculate k(-123).
-1
Let j(i) = -i**3 + 126*i**2 + 36*i - 4485. Determine j(126).
51
Let w(p) = 10*p**2 + 69*p - 73. Calculate w(-7).
-66
Let k(r) = 2*r**2 - 434*r + 8731. Calculate k(22).
151
Let p(o) = 7*o**3 - 109*o**2 - 460*o + 9117. Calculate p(12).
-3
Let k(j) = 42*j**2 + 2762*j + 2066. Determine k(-65).
-14
Let b(u) = u**3 + 349*u**2 - 153*u + 68954. Calculate b(-350).
4
Let n(h) = 2*h**3 - 408*h**2 + 329*h + 15561. What is n(203)?
-70
Let q(n) = -2*n**3 - 78*n**2 - 81*n + 81. Give q(-38).
271
Let b(q) = 13*q**3 + 1772*q**2 + 53601*q + 196. Give b(-91).
14
Let y(p) = 1422*p - 136509. Calculate y(96).
3
Let x(l) = 62*l**3 + 808*l**2 + 32*l + 45. Give x(-13).
-33
Let p(u) = -3*u**2 + 1837*u - 68684. What is p(40)?
-4
Let x(h) = -h**2 - 4132*h - 28875. What is x(-7)?
0
Let g(k) = 714645*k - 2858570. What is g(4)?
10
Let h(p) = -2*p**3 - 229*p**